lculate w(1).
-1
Let l(t) = 19*t - 394. Let q(w) = -w + 44. Let p(v) = l(v) + 9*q(v). Give p(-2).
-18
Let x be -44*(-5)/20 - 5. Let u(p) be the third derivative of 0*p + x*p**2 - 1/6*p**3 + 1/4*p**4 + 0 - 1/60*p**5. Give u(7).
-8
Let p(l) = -31*l. Suppose -692 - 1756 = -8*j. Let m = j + -307. Determine p(m).
31
Let c(t) be the first derivative of -t**3/3 + 9*t**2/2 - 10*t - 26. Let k(n) = 15*n - 128. Let x be k(9). Give c(x).
4
Suppose 24 = 2*g + 16. Suppose 0 = -4*m + 4*b + g, -5*m + 3*b = 3 - 14. Let a(r) = r**3 - 4*r**2 + 3*r - 3. Determine a(m).
9
Let h(d) = -4*d - 4. Let z = -7374 - -7371. Calculate h(z).
8
Let l be (5 + -1)*(-513)/18. Let d = l + 122. Let i(y) = y**3 - 9*y**2 + 8*y - 2. Determine i(d).
-2
Let u(v) be the second derivative of -5/2*v**2 + 17 + 3*v + 2/3*v**3. What is u(4)?
11
Suppose 0 = -101*g + 102*g. Let n(k) be the second derivative of k**4/12 + k**3/6 - k**2/2 + k - 158. Give n(g).
-1
Let j(i) = i**2. Let n(k) = -2*k**2 + 7*k - 1. Let q(t) = -3*j(t) - n(t). Suppose -p = 30 - 12. Let g = 12 + p. Determine q(g).
7
Let l(d) = d**3 - 23*d**2 - 26*d + 36. Let q(w) = -247*w + 4964. Let c be q(20). Determine l(c).
-12
Let p = -283 - -222. Suppose -3*u + 2*u - 63 = 0. Let q = u - p. Let a(k) = -7*k - 1. What is a(q)?
13
Let i(w) = w**3 - 5*w**2 - 23*w - 3. Let c(f) = 2*f**3 - 9*f**2 - 47*f - 5. Let d(p) = -6*c(p) + 11*i(p). Determine d(5).
-8
Let u(j) be the first derivative of 3*j**2 + 59*j + 796. What is u(-10)?
-1
Suppose -5*y = -2*z - 69, -3*y = y + 2*z - 48. Let s(o) be the second derivative of o**5/20 - 13*o**4/12 - o**3/3 + 15*o**2/2 + 26088*o. Determine s(y).
-11
Suppose o + 0*o = -2*q + 9, 4*q - 13 = 3*o. Let b(y) = 1 + 2523*y + y**2 + 2510*y - 5035*y. Determine b(q).
9
Let m(b) be the third derivative of b**6/120 - 11*b**5/60 - b**4/24 + 3*b**3/2 + 1140*b**2 + 3*b. Give m(9).
-162
Let j(o) be the second derivative of -o**5/20 - 3*o**4/2 - 7*o**3/3 + 12*o**2 + 76*o - 1. Give j(-17).
-27
Let n(a) = -2*a - 3. Suppose -19*f + 18*f = 63. Let o be 207/(-2)*(9 - (-125)/(-15)). Let g = o - f. What is n(g)?
9
Suppose 0 = 5*f - m + 52, -3*f - 26 - 13 = 2*m. Let r(u) = u**2 + 9*u - 2. What is r(f)?
20
Let f(x) = -2*x**3 + 8*x**2 + x + 3. Suppose 2*h = 5*y + 988 - 170, -y - 834 = -2*h. Let r = h + -415. Determine f(r).
7
Let r = 463 - 461. Let y(w) be the first derivative of w**5/24 - w**4/12 - w**3/3 + 6. Let d(b) be the third derivative of y(b). What is d(r)?
8
Let i(h) = -h**2 - 15*h + 21. Let t be 12 - ((-54)/3)/(-3). Suppose 19 = t*p + 115. Give i(p).
5
Let q(o) = 30*o**2 - 84*o - 501. Let d(k) = 11*k**2 - 28*k - 168. Let p(u) = -11*d(u) + 4*q(u). Give p(-22).
-24
Suppose -4*k - 5 = -5*d, 2*k - 4 = -3*d - 1. Let h be d/3 - (-4)/((-60)/(-25)). Let q(j) = j - 5 - 2 + h. Calculate q(6).
1
Let d(c) = -c**3 + 39*c**2 - 36*c - 56. Let l be d(38). Suppose 4*m - l = 5*i, -m - 8*i + 5 = -5*i. Let j(v) = -2*v + 4. Give j(m).
-6
Let q(n) be the third derivative of n**7/2520 - n**6/72 + n**5/12 + 33*n**4/8 + 14*n**2. Let y(x) be the second derivative of q(x). Calculate y(8).
-6
Let p be (1 - 4) + (-11 + 9 - -40). Suppose -39*n = -p*n - 12. Let r(q) = -2*q**3 + 4*q**2 - q - 4. What is r(n)?
-25
Suppose -4*u - 2 + 10 = 0. Let w be 19/57 + (-5)/(-3). Let v(f) = 8*f - 2*f**2 - u + 3*f**2 - 10*f + 0*f**w. Give v(4).
6
Let d(f) = -7*f + 812. Let l(t) = -2*t + 219. Let x(j) = -3*d(j) + 11*l(j). Determine x(11).
-38
Suppose -100*r + 49*r = -47*r - 60. Let d(x) = -2*x**3 + 28*x**2 + 29*x + 22. Give d(r).
7
Suppose -2*m + 4 = -6. Suppose -2*n = -4*n + 4*v - 20, 3*n = m*v - 25. Let l(k) be the third derivative of k**5/60 + 7*k**3/3 - 21*k**2 - 22*k. Give l(n).
14
Let x(f) = 14*f**3 - 14*f**2 + 7*f - 21. Let o(y) = 38*y**3 - 42*y**2 + 27*y - 62. Let t(c) = 3*o(c) - 8*x(c). What is t(5)?
7
Let k be ((-10)/3)/(-5) - (-110)/33. Suppose 7*s - 25 = 2*s, -5*s + 37 = -k*a. Let f(y) = y**3 + 4*y**2 - 2*y - 4. What is f(a)?
11
Let o(t) be the third derivative of t**6/120 + t**5/30 - t**4/4 + t**3/6 + 4*t**2 - 148*t. Calculate o(2).
5
Let g(j) = -14*j**2 - j - 1. Let q(b) = -35 + 18 + 5*b - 2*b - 41. Let p be (-2 - (-61)/2)*50/75. Let a be q(p). What is g(a)?
-14
Let w(x) be the first derivative of -1/120*x**6 + 1/2*x**3 - 15 + x**2 + 0*x**5 + 1/8*x**4 + 0*x. Let u(d) be the second derivative of w(d). Give u(-2).
5
Let r(m) = -m**2 + 6*m - 8. Suppose -4*f + 4*l - 9 = -l, 5*f - l = 15. Suppose 3*z + f*j = 10, -2*z + 5*z + j - 16 = 0. Give r(z).
-8
Suppose 0*j - 2*i = -5*j - 26, 4*j - i = -19. Let h be 13/((-65)/30)*j/6. Let w(o) = 1004*o**2 - 1013*o**2 + 3*o - h - o**3 - 11*o. What is w(-8)?
-4
Let m = -280 - -268. Let y(q) = q**3 + 11*q**2 - 12*q - 12. Give y(m).
-12
Let i(a) = a**3 + 43*a**2 + 48424*a - 48444*a - 3*a**3 - 21. What is i(21)?
0
Let i(r) = -10*r - 136. Let m be i(-17). Suppose -15*o = m*o + 147. Let b(p) = 3*p. Give b(o).
-9
Let p(w) be the second derivative of -w**3/3 + 2*w**2 - 2*w. Suppose 2*u = 3*n - 3, 3*u - 2*n + n = 13. Suppose 20*l = u*l - 42. Give p(l).
10
Let x(b) be the second derivative of -b**6/360 - b**5/15 - 3*b**4/8 + 8*b**3 - 10*b. Let t(k) be the second derivative of x(k). Calculate t(-9).
-18
Let a(o) = 2*o - 11. Let z(s) = -4*s + 19. Let m be z(4). Suppose -m*x + 4 = 2*j, 8*j = 2*x + 6*j - 16. Calculate a(x).
-3
Let c(g) = -4*g**2 - 2*g - 4. Let m(s) = 9*s**2 + 3*s + 8. Suppose 0 = -3*i + 6 + 21. Suppose -i*f = 7 - 34. Let x(q) = f*m(q) + 7*c(q). Give x(-5).
-4
Let u = 185 - 182. Let p(q) = q**2 + 3*q + 6. Let w(r) = -2*r**2 - 7*r - 12. Let g(y) = u*w(y) + 5*p(y). Let v = -12 + 7. Determine g(v).
-1
Let c(t) = t**3 - 21*t**2 + 19*t + 19. Let m = 536 - -226. Let r = 782 - m. Calculate c(r).
-1
Let a(v) = 9*v - 249. Let h be a(28). Let c = 6 - 4. Let y(f) = 2*f - 6 + 10 + 2*f**2 + c*f**h - 2. What is y(-2)?
-10
Let o(p) = -6*p - 3. Suppose -10 = -143*g + 153*g. Determine o(g).
3
Let y(d) = -d**3 + 4*d**2 - 8*d + 6. Let k be y(2). Let u be (-12)/12 - 1/(3 + k). Let s be 2*(-2)/2*u. Let q(l) = -l**2 + 3*l - 3. What is q(s)?
-7
Suppose 0 = -6*b + 587 - 155. Suppose 9*j = -9*j - b. Let p(u) = u**2 + 4*u - 5. Determine p(j).
-5
Let n(l) = 2*l**2 - 43*l - 38. Let g = -26268 - -26290. What is n(g)?
-16
Let t(i) = -i**3 - 11*i**2 - i + 14. Suppose -18*d + 100 = 10*d - 38*d. Give t(d).
-76
Let v(z) = 7*z**2 + 3*z - 5. Let f(g) = -114*g + 1369. Let d be f(12). Determine v(d).
5
Let g(p) = -p**3 - 46*p**2 + 46*p - 65. Let y be g(-47). Let j(u) = u**3 + 18*u**2 - u - 21. Calculate j(y).
-3
Let l(u) = u**3 + 5*u**2 + u - 1. Let a = -27 - -55. Let k = a + 8. Let q = k - 41. What is l(q)?
-6
Let h(a) = -314 - 309 + 942 - 306 + 8*a + a**2. What is h(-6)?
1
Suppose 6*r + 26*r - 64 = 0. Let i(l) = -7*l - 3. Let y(p) = -120*p - 52. Let j(z) = 104*i(z) - 6*y(z). What is j(r)?
-16
Let c be 5*(0 - (-4)/10). Let z(y) = 0*y**2 + 4*y**2 - 1735*y + 3464*y + 2 - 5*y**2 - 1731*y. What is z(c)?
-6
Let h(f) = -f**3 - 11*f**2 + 6*f - 1. Let b(z) = z**3 + 12*z**2 - 5*z + 4. Let r(j) = -4*b(j) - 5*h(j). What is r(-8)?
5
Let v(z) = 3*z**2 + 11*z + 23. Suppose -4*a + 154 = 6*s + 186, 5*s - 4*a + 12 = 0. Give v(s).
27
Let d(z) = 3388*z - 1135*z + z**2 - 28 - 1132*z - 1126*z. Calculate d(8).
-4
Let w(q) = -q**2 - 9*q - 9. Let x be (-6)/(21/56*2). Give w(x).
-1
Let n(r) = 2*r**3 + 12*r**2 + 4*r + 22. Let d(i) = -40*i - 446. Let t be d(-11). Give n(t).
-2
Let f = 148 - 146. Let d(y) = -821 + 16*y**f + 821 + y. Give d(1).
17
Suppose 0 = -7*n + 4*n + 15, -2*n = -q - 49. Let x = q + 42. Let v(p) = 2 + 1 - 3 + p + x. Calculate v(0).
3
Let c(u) be the third derivative of -u**7/1680 + u**6/360 - 3*u**5/10 + 3*u**2 + 5. Let x(p) be the third derivative of c(p). Give x(-1).
5
Let r(z) = -81*z + 249*z - 174*z + 57. Give r(17).
-45
Let z(l) = 5*l**2 - 19*l - 2. Let t(b) = -2*b**2 + 9*b + 0 - 3 + 4. Let u(q) = 13*t(q) + 6*z(q). Suppose -244*g - 592 = 52*g. Give u(g).
11
Let h(d) = d - 8. Let x be 154/33 + (-4)/6. Suppose -5*q + 225 = x*g, -2*q + 210 = 4*g - 0*q. Suppose -v + 21 = -3*r, r + g - 15 = 5*v. What is h(v)?
-2
Let o(m) = 253*m - 2504. Let s be o(10). Let t(x) = x**3 - 26*x**2 + 4*x - 105. What is t(s)?
-1
Let m(x) = -11*x**2 - 6*x. Let i(b) be the second derivative of 3*b**4/4 + 5*b**3/6 - 139*b. Let z(k) = 5*i(k) + 4*m(k). Give z(-5).
20
Let z(w) = 5*w - 25